8
What is the units digit of 204?
4
What is the units digit of 6552?
2
What is the units digit of 8?
8
What is the units digit of 72?
2
What is the thousands digit of 3050?
3
What is the hundreds digit of 222?
2
What is the ten thousands digit of 96405?
9
What is the tens digit of 9849?
4
What is the hundreds digit of 1456?
4
What is the tens digit of 29365?
6
What is the units digit of 471?
1
What is the hundreds digit of 11092?
0
What is the units digit of 412?
2
What is the units digit of 8162?
2
What is the hundreds digit of 1681?
6
What is the hundreds digit of 20488?
4
What is the hundreds digit of 7938?
9
What is the hundreds digit of 24996?
9
What is the thousands digit of 80975?
0
What is the tens digit of 5691?
9
What is the thousands digit of 52911?
2
What is the tens digit of 158?
5
What is the tens digit of 7096?
9
What is the ten thousands digit of 143054?
4
What is the tens digit of 120689?
8
What is the thousands digit of 6073?
6
What is the hundreds digit of 513?
5
What is the tens digit of 2796?
9
What is the hundreds digit of 3633?
6
What is the tens digit of 4380?
8
What is the tens digit of 34336?
3
What is the tens digit of 2128?
2
What is the units digit of 93?
3
What is the hundreds digit of 59933?
9
What is the units digit of 5331?
1
What is the units digit of 3414?
4
What is the units digit of 14837?
7
What is the hundreds digit of 634?
6
What is the units digit of 248?
8
What is the tens digit of 38025?
2
What is the hundreds digit of 57642?
6
What is the hundreds digit of 775?
7
What is the units digit of 2112?
2
What is the tens digit of 7687?
8
What is the hundreds digit of 940?
9
What is the thousands digit of 3482?
3
What is the hundreds digit of 13601?
6
What is the units digit of 56688?
8
What is the tens digit of 49553?
5
What is the hundred thousands digit of 147197?
1
What is the thousands digit of 4463?
4
What is the units digit of 842?
2
What is the tens digit of 3027?
2
What is the hundreds digit of 713?
7
What is the thousands digit of 47923?
7
What is the tens digit of 3065?
6
What is the tens digit of 62?
6
What is the thousands digit of 2397?
2
What is the ten thousands digit of 14171?
1
What is the units digit of 691?
1
What is the tens digit of 35703?
0
What is the ten thousands digit of 14993?
1
What is the tens digit of 4585?
8
What is the tens digit of 10018?
1
What is the units digit of 103796?
6
What is the units digit of 1150?
0
What is the hundreds digit of 9126?
1
What is the hundreds digit of 20348?
3
What is the units digit of 799?
9
What is the tens digit of 1885?
8
What is the hundreds digit of 1426?
4
What is the thousands digit of 55229?
5
What is the ten thousands digit of 50142?
5
What is the thousands digit of 7446?
7
What is the hundreds digit of 547?
5
What is the units digit of 66520?
0
What is the units digit of 96066?
6
What is the thousands digit of 79718?
9
What is the units digit of 8963?
3
What is the thousands digit of 33421?
3
What is the thousands digit of 1302?
1
What is the thousands digit of 6639?
6
What is the units digit of 37462?
2
What is the hundreds digit of 51008?
0
What is the ten thousands digit of 19623?
1
What is the units digit of 44628?
8
What is the tens digit of 3921?
2
What is the units digit of 22794?
4
What is the units digit of 1647?
7
What is the units digit of 195?
5
What is the tens digit of 203?
0
What is the units digit of 81441?
1
What is the hundreds digit of 5805?
8
What is the thousands digit of 14907?
4
What is the tens digit of 4841?
4
What is the hundreds digit of 29791?
7
What is the ten thousands digit of 22773?
2
What is the hundreds digit of 4099?
0
What is the hundreds digit of 1370?
3
What is the hundreds digit of 670?
6
What is the hundreds digit of 22293?
2
What is the thousands digit of 14876?
4
What is the units digit of 9703?
3
What is the tens digit of 51449?
4
What is the hundreds digit of 1383?
3
What is the units digit of 29106?
6
What is the hundreds digit of 9039?
0
What is the units digit of 11082?
2
What is the tens digit of 433?
3
What is the tens digit of 457?
5
What is the thousands digit of 11875?
1
What is the hundreds digit of 87465?
4
What is the tens digit of 94220?
2
What is the tens digit of 76616?
1
What is the units digit of 27141?
1
What is the units digit of 443?
3
What is the ten thousands digit of 11899?
1
What is the thousands digit of 1820?
1
What is the thousands digit of 1713?
1
What is the units digit of 197?
7
What is the units digit of 58553?
3
What is the hundreds digit of 939?
9
What is the hundred thousands digit of 156596?
1
What is the hundreds digit of 9689?
6
What is the hundreds digit of 63503?
5
What is the units digit of 8511?
1
What is the hundreds digit of 30476?
4
What is the units digit of 3779?
9
What is the tens digit of 50?
5
What is the tens digit of 225?
2
What is the tens digit of 7433?
3
What is the tens digit of 12736?
3
What is the tens digit of 437?
3
What is the hundreds digit of 53903?
9
What is the tens digit of 1015?
1
What is the thousands digit of 9829?
9
What is the ten thousands digit of 12248?
1
What is the units digit of 2440?
0
What is the hundreds digit of 11077?
0
What is the hundreds digit of 18208?
2
What is the hundreds digit of 1269?
2
What is the units digit of 2816?
6
What is the units digit of 202?
2
What is the ten thousands digit of 18404?
1
What is the units digit of 42072?
2
What is the units digit of 2665?
5
What is the ten thousands digit of 11404?
1
What is the hundreds digit of 47397?
3
What is the thousands digit of 2122?
2
What is the units digit of 54?
4
What is the thousands digit of 4697?
4
What is the ten thousands digit of 35804?
3
What is the hundreds digit of 1521?
5
What is the hundreds digit of 133031?
0
What is the tens digit of 23366?
6
What is the units digit of 389?
9
What is the units digit of 887?
7
What is the hundreds digit of 1959?
9
What is the units digit of 9658?
8
What is the hundreds digit of 2333?
3
What is the hundreds digit of 1919?
9
What is the tens digit of 69267?
6
What is the tens digit of 936?
3
What is the tens digit of 2899?
9
What is the units digit of 7353?
3
What is the thousands digit of 3920?
3
What is the tens digit of 12028?
2
What is the units digit of 575?
5
What is the thousands digit of 10929?
0
What is the thousands digit of 2145?
2
What is the hundreds digit of 1217?
2
What is the thousands digit of 2208?
2
What is the tens digit of 35685?
8
What is the thousands digit of 2439?
2
What is the thousands digit of 3030?
3
What is the tens digit of 30288?
8
What is the hundreds digit of 65612?
6
What is the thousands digit of 5621?
5
What is the units digit of 787?
7
What is the hundreds digit of 408?
4
What is the ten thousands digit of 113662?
1
What is the units digit of 85766?
6
What is the units digit of 22180?
0
What is the ten thousands digit of 33889?
3
What is the ten thousands digit of 21755?
2
What is the hundreds digit of 104593?
5
What is the ten thousands digit of 22798?
2
What is the thousands digit of 1815?
1
What is the hundred thousands digit of 112745?
1
What is the tens digit of 3231?
3
What is the hundreds digit of 132700?
7
What is the thousands digit of 2898?
2
What is the ten thousands digit of 16042?
1
What is the thousands digit of 51809?
1
What is the units digit of 110008?
8
What is the units digit of 1361?
1
What is the hundreds digit of 6832?
8
What is the tens digit of 12529?
2
What is the thousands digit of 9509?
9
What is the hundreds digit of 17743?
7
What is the hundreds digit of 8676?
6
What is the thousands digit of 40872?
0
What is the thousands digit of 1812?
1
What is the tens digit of 152177?
7
What is the hundreds digit of 1285?
2
What is the ten thousands digit of 166964?
6
What is the ten thousands digit of 101132?
0
What is the hundreds digit of 1181?
1
What is the units digit of 1511?
1
What is the tens digit of 218?
1
What is the units digit of 1696?
6
What is the tens digit of 2878?
7
What is the units digit of 76000?
0
What is the hundreds digit of 14929?
9
What is the hundreds digit of 805?
8
What is the ten thousands digit of 12698?
1
What is the tens digit of 1055?
5
What is the hundreds digit of 535?
5
What is the ten thousands digit of 55513?
